 is 147 - -288?
435
In base 4, what is 110 + -322103?
-321333
In base 12, what is -1980 + -8a?
-1a4a
In base 3, what is -1022 - -1102002?
1100210
In base 14, what is -b86b + -21?
-b88c
In base 8, what is -10 + -233?
-243
In base 13, what is 0 + -65a0?
-65a0
In base 12, what is -4 - -ba66?
ba62
In base 11, what is -5 - 6259?
-6263
In base 6, what is -1 + 241205?
241204
In base 4, what is -11 - 30120202?
-30120213
In base 3, what is 2 - 1001102200?
-1001102121
In base 13, what is 5948 + 17?
5962
In base 8, what is 2115 - 572?
1323
In base 15, what is -19 + 353de?
353c5
In base 16, what is 7 - -775?
77c
In base 13, what is 1080 + 1c?
109c
In base 14, what is 1c57 - -c?
1c65
In base 13, what is 982 + -10?
972
In base 10, what is 2660 - 71?
2589
In base 6, what is 1325 - -131?
1500
In base 16, what is 33530 + -12?
3351e
In base 10, what is -3 - -12949?
12946
In base 9, what is -11477544 + -1?
-11477545
In base 12, what is 21 + -1705?
-16a4
In base 9, what is -20401 + -15?
-20416
In base 2, what is -100000000011 + 10100?
-11111101111
In base 6, what is 3 + 12333334?
12333341
In base 15, what is 1325 - -458?
177d
In base 10, what is -18355 - -78?
-18277
In base 4, what is 32 + -22113?
-22021
In base 15, what is 12b - b5?
66
In base 3, what is -100110 + 10?
-100100
In base 11, what is -15537 + 27?
-15510
In base 2, what is 100 - -1010010111010001101?
1010010111010010001
In base 16, what is 0 - 219c?
-219c
In base 14, what is 11a + 125?
241
In base 6, what is -2022305 - 5?
-2022314
In base 14, what is 11849b - 6?
118495
In base 10, what is -624 + -366?
-990
In base 6, what is 1 + -1341543?
-1341542
In base 12, what is 4 + -218058?
-218054
In base 3, what is -1210211110211 + -12?
-1210211111000
In base 15, what is 0 - -23279?
23279
In base 15, what is 45 - -7?
4c
In base 10, what is -4652 - 410?
-5062
In base 13, what is -4 - 5154?
-5158
In base 9, what is 336824 + -2?
336822
In base 6, what is -324400 + -53?
-324453
In base 4, what is 2332 - 232?
2100
In base 15, what is 8287 + b?
8293
In base 12, what is 1763 + -182?
15a1
In base 10, what is 1 - -16154?
16155
In base 4, what is 11 + -223012120?
-223012103
In base 2, what is 1 - -111?
1000
In base 6, what is 101 - 425042?
-424541
In base 14, what is 14dd + a?
1509
In base 7, what is -46165 - 5?
-46203
In base 9, what is -17 + -4204?
-4222
In base 9, what is 73371 + 7?
73378
In base 4, what is -210100 - 220?
-210320
In base 12, what is 15 - 530?
-517
In base 6, what is 3222 + -1100?
2122
In base 13, what is -1 - 10?
-11
In base 9, what is 10110 - 6?
10103
In base 8, what is -203 - 735?
-1140
In base 6, what is -1540 - -12544?
11004
In base 3, what is 221002 + 11221112?
12212121
In base 13, what is -7 - 14a44?
-14a4b
In base 10, what is 285 - -110?
395
In base 10, what is -51 - -1351?
1300
In base 4, what is 220 - -12?
232
In base 11, what is 2 - -488a81?
488a83
In base 10, what is 50 - 1571?
-1521
In base 3, what is 10020212 + -222?
10012220
In base 11, what is -2799 - -22?
-2777
In base 11, what is 4 - 53825?
-53821
In base 9, what is -28307 + -4?
-28312
In base 16, what is 6e - -13a?
1a8
In base 10, what is 54 - -7119?
7173
In base 10, what is 1 + -1245?
-1244
In base 16, what is 12b26 - 2?
12b24
In base 16, what is 179 + 2f15?
308e
In base 6, what is -503 - 540?
-1443
In base 7, what is -1 + 64055?
64054
In base 6, what is 12 + 352?
404
In base 7, what is -2224 - 4205?
-6432
In base 16, what is 2a7 + 58?
2ff
In base 4, what is -11 - -13010210?
13010133
In base 8, what is -6672 - -154?
-6516
In base 10, what is -9 - -900?
891
In base 6, what is -234 - -13102?
12424
In base 12, what is -84b7 + 0?
-84b7
In base 12, what is -2445 - -4?
-2441
In base 14, what is 12 + 50cd?
5101
In base 3, what is 211 - 2120200?
-2112212
In base 3, what is 102111221 + 0?
102111221
In base 13, what is -2c - cb6?
-1015
In base 3, what is 1102 - -1202110022?
1202111201
In base 9, what is 2 + -225481?
-225478
In base 11, what is 8067 - 3?
8064
In base 16, what is -275 - -10?
-265
In base 9, what is 11574 - -4?
11578
In base 2, what is -110000011 - -1110?
-101110101
In base 7, what is 6 - 23202?
-23163
In base 10, what is 81082 - -5?
81087
In base 13, what is 2 - 1a71?
-1a6c
In base 11, what is 1 + -17631?
-17630
In base 6, what is 11551 - 1430?
10121
In base 2, what is 1 + 11110111101100111?
11110111101101000
In base 2, what is -1 - -100110100001100?
100110100001011
In base 14, what is 3 + -593?
-590
In base 5, what is 341 + -34441?
-34100
In base 2, what is -10111110100001100100 - -101?
-10111110100001011111
In base 6, what is 132 + 2125?
2301
In base 5, what is -442334423 + -10?
-442334433
In base 3, what is -21012212222 - -12?
-21012212210
In base 6, what is -10 - 1421453?
-1421503
In base 3, what is 201011 - -101000?
1002011
In base 11, what is 1 + 840?
841
In base 10, what is 2459 - -45?
2504
In base 5, what is 41022 - 20?
41002
In base 4, what is -230 - 32302?
-33132
In base 9, what is -511181 + -1?
-511182
In base 4, what is 10 + -130133013?
-130133003
In base 6, what is 3 - -11320212?
11320215
In base 15, what is 12d - 48?
d5
In base 12, what is -4 - -5b5b?
5b57
In base 11, what is -3 + 2795a?
27957
In base 3, what is -200202 - -110202?
-20000
In base 3, what is 12011112122 - 0?
12011112122
In base 12, what is 1 + -b36a1?
-b36a0
In base 2, what is -1101100 - 1110011010001?
-1110100111101
In base 13, what is 5 + 3159b?
315a3
In base 4, what is 11100 - -200?
11300
In base 14, what is -302 + -a3?
-3a5
In base 11, what is 4 - -748a4?
748a8
In base 12, what is 4 - -70b88?
70b90
In base 6, what is -432 - -4015?
3143
In base 6, what is -3 + 104432?
104425
In base 6, what is 12 - 11124323?
-11124311
In base 12, what is 9 - -741?
74a
In base 3, what is -112011002022 - 1?
-112011002100
In base 6, what is -1340033 + -2?
-1340035
In base 10, what is 5 - 9587?
-9582
In base 13, what is 2b9a8 - -19?
2b9c4
In base 9, what is -45 - -174?
128
In base 14, what is -135 + 264?
12d
In base 4, what is 112 - -13033022?
13033200
In base 2, what is -110001110 + 11001001111?
10011000001
In base 7, what is 2 - -2233443?
2233445
In base 10, what is 12795 - -24?
12819
In base 8, what is -62 + -643?
-725
In base 10, what is -689 - -8?
-681
In base 8, what is -110 - 53316?
-53426
In base 15, what is -1b4 + -22?
-1d6
In base 4, what is 3 - 2202113?
-2202110
In base 7, what is 1010266 - 4?
1010262
In base 14, what is -2 - -3a9a?
3a98
In base 15, what is 4343 - -2?
4345
In base 8, what is -10112775 + 2?
-10112773
In base 10, what is -415 - 226?
-641
In base 14, what is 1957 - 2b8?
167d
In base 10, what is -15 + 27934?
27919
In base 13, what is 52 + 311c4?
31246
In base 16, what is 98 + 2?
9a
In base 2, what is 1011101110011101 - 0?
1011101110011101
In base 7, what is 14 + 2364650?
2364664
In base 13, what is 8 - 6155?
-614a
In base 11, what is 288 + -312?
-35
In base 3, what is 110 + 12211?
20021
In base 6, what is -51101551 - 4?
-51101555
In base 15, what is -4da9d - 4?
-4daa2
In base 16, what is -b09 - 1ac?
-cb5
In base 2, what is 111101 - 1000111011?
-111111110
In base 10, what is -4 + -74779?
-74783
In base 13, what is 25a1 - -25?
25c6
In base 5, what is -1 - -423114?
423113
In base 15, what is -1 - -4793e?
4793d
In base 6, what is 4 - -1213001?
1213005
In base 16, what is 9ef0 + 3?
9ef3
In base 2, what is 100 + 11011011111110010100?
11011011111110011000
In base 9, what is -147636 - 1?
-147637
In base 10, what is 45274 + 13?
45287
In base 4, what is -112032030 - 11?
-112032101
In base 2, what is 111 + 1001010100110?
1001010101101
In base 9, what is -2 - -8228?
8226
In base 14, what is a3005 - -5?
a300a
In base 7, what is -542 - 311?
-1153
In base 3, what is 211102212 - -202?
211110121
In base 11, what is 5 - 264a2?
-26498
In base 2, what is 10111001 + 101011101?
1000010110
In base 7, what is 14 - 6644?
-6630
In base 13, what is a57 - -27?
a81
In base 5, what is 33434121 - 12?
33434104
In base 16, what is -1 + -7838?
-7839
In base 16, what is -1bf8e - 15?
-1bfa3
In base 2, what is 101111010 + -101111?
101001011
In base 3, what is -1202110022 - -11?
-1202110011
In base 9, what is -3 + -6152?
-6155
In base 10, what is -5 + 20468?
20463
In base 3, what is -20112 - 10220210?
-11011022
In base 7, what is 116566 + -4?
116562
In base 10, what is -1 + 